 -17*i. Suppose -i = -g + 99. What are the prime factors of -3 + 9/(18/g)?
181
What are the prime factors of (1128/28)/(3 + 832/(-280))?
2, 3, 5, 47
Suppose -4*s = 3*p - 112 - 575, -143 = -s + 5*p. Let o = 2946 + -2847. Let a = s - o. List the prime factors of a.
3, 23
Suppose -179 + 47 = 12*t. Let f(r) = -5 - 9 + 6*r + r**2 + 12. What are the prime factors of f(t)?
53
Suppose -3206 - 16394 = -8*i. Suppose 0 = -3*y + i - 839. What are the prime factors of y?
3, 179
Let m(r) = -4*r**3 - 3*r**2 + 10*r + 22. Let y = -309 - -305. What are the prime factors of m(y)?
2, 5, 19
Suppose 0 = 6*f - 8*f - 47*f + 148519. What are the prime factors of f?
7, 433
Let m be (2238/8)/((-10)/(-80)). Suppose 5*z - 5620 = -5*l, -m = -2*z + 20*l - 17*l. List the prime factors of z.
2, 3, 11, 17
Let f(u) = 685*u + 30. Let h be f(2). Suppose 30*z - h = 26*z. List the prime factors of z.
2, 5, 7
Suppose z = -76*h + 75*h + 4739, -3*h + z + 14213 = 0. List the prime factors of h.
2, 23, 103
Suppose -4846*q = -4842*q + 36, 4*q = 5*t - 371236. List the prime factors of t.
2, 5, 29
Suppose -53*d + 251860 = 35196. What are the prime factors of d?
2, 7, 73
Let p(y) = 5*y**2 - 22*y + 9. Let d be p(10). Let j = -89 + d. Suppose -2224 = -8*h - j. What are the prime factors of h?
11, 23
Let s be 3/2*4/3. Suppose 129*u - 126*u = 5*q + 25, 3*q = -6. Suppose -u*n + 174 = -s*n. What are the prime factors of n?
2, 29
Suppose 0 = -0*b + 4*b + 4*l - 288, -4*b + 274 = -3*l. Suppose b = -32*t + 25*t. List the prime factors of -5*-1*4/t*-73.
2, 73
Suppose -5*w + y = -26, -4*w + 4*y - 9*y + 44 = 0. Suppose -3*m = -3*t - w*m + 720, 2*m = 0. Suppose 0 = -9*j + t + 390. List the prime factors of j.
2, 5, 7
Let b(l) = -333*l**3 + l. Let m be b(-1). Suppose 3*r + m = 5*r. Let k = -76 + r. List the prime factors of k.
2, 3, 5
Suppose 4893 = 3*k + 3*u, 172*u = 168*u + 32. What are the prime factors of k?
3, 541
Let c = -78 + 78. Suppose -4*u - 5*p + 66 - 3 = c, 0 = 3*u + 3*p - 51. What are the prime factors of 2/1*1320/u?
2, 3, 5
Let r(h) = 13*h**2 + 23*h - 638. What are the prime factors of r(15)?
2, 7, 47
Suppose 3*v - v = 4*z - 654, 3 = 3*z. Let g = -47 - v. List the prime factors of g.
2, 139
What are the prime factors of (-138335)/(-13) + (-76)/494 + -1?
2, 5, 7, 19
Let b(v) = 140*v + 7509. What are the prime factors of b(77)?
18289
Let o = -53 - -64. Let c(k) = 27*k + 27. Let j be c(o). Let d = -165 + j. List the prime factors of d.
3, 53
Suppose -4*b + 10 = -174. Let t = b - -144. What are the prime factors of t?
2, 5, 19
Suppose -2*h + f + 690 = 0, -1725 = -5*h + 8*f - 10*f. Let o = 18 + -12. Suppose 0 = c - o*c + h. What are the prime factors of c?
3, 23
Let x = -86 - -162. Let a = -131 + 153. Let u = x - a. What are the prime factors of u?
2, 3
Suppose -j = -5*r - 173, -2*r + 239 = j + 38. Let d be (40/15 - -3) + (-11)/(-33). Suppose -j = -d*x + 359. What are the prime factors of x?
2, 23
Suppose -13*f - 15*f = -140. Suppose f*q - 1501 = 844. List the prime factors of q.
7, 67
Suppose 5*o = -3*s + 32424 - 1763, 5*s - 51109 = -o. List the prime factors of s.
2, 19, 269
Suppose -w - 33 = 106. Let i = 84 - w. What are the prime factors of i?
223
Suppose 636 = 11*o - 2147. What are the prime factors of o?
11, 23
Let n(k) = -3*k + 18. Let j be n(11). Let y = j - -79. Let c = y - -3. List the prime factors of c.
67
Let c = 14766 - 10150. List the prime factors of c.
2, 577
Suppose -11 = -2*o + t, 5*o - 35 = 5*t - 0*t. List the prime factors of 1/(9/7992) + o.
2, 223
Suppose -814*o = -790*o - 115224. What are the prime factors of o?
4801
Suppose -x - x - 5*w = -13, -4*x + 3*w = 13. Let h be (8/12)/(2/357). List the prime factors of 1326/h - x/(-7).
11
Suppose -18*d = -12*d + 270. Let z be (-1)/((-6)/d*12/(-8)). Suppose 94 = g - z*s, 3*g = -2*g - 2*s + 470. What are the prime factors of g?
2, 47
Let j(h) = -8*h - 2. Let n be j(0). Let r(f) = -258*f + 21. Let k(v) = -37*v + 3. Let t(q) = 15*k(q) - 2*r(q). List the prime factors of t(n).
3
Suppose r = -4*t + 5, -2*t = r + t. List the prime factors of 30/18 + (-5900)/r.
5, 79
Suppose -2*j + j + 3*w = -7, 7 = 2*j + w. Suppose -3680 = -4*u + j*d, 2043 = 2*u + 3*d + 223. What are the prime factors of u?
2, 229
Let w(s) = s**2 - 4*s + 2. Let t be w(7). Let k(g) = g**3 - 59*g**2 - 116*g - 381. Let f be k(61). What are the prime factors of (-54)/f*(t - -2)?
2, 3, 5
Let g = -39228 + 91855. List the prime factors of g.
52627
Suppose 221*o + 4245 = d + 218*o, 4*d = -3*o + 17025. List the prime factors of d.
2, 3, 709
Let z(k) = 2*k**3 - 5*k**2 + 5*k + 3. Let a = -40 - -17. Let l = -20 - a. What are the prime factors of z(l)?
3
Suppose -6513 = -10*a + 7767. Let o = a - 185. List the prime factors of o.
11, 113
Let c(r) = r**3 - 4*r**2 + 16*r + 6. Let d be c(6). Let h = 416 - d. List the prime factors of h.
2, 11
List the prime factors of 72/(-132) - 360445/(-55).
6553
Suppose 4*w - p = 3, w - 4*p - 3 = -3*p. Suppose w = -4*m + 3*m. Suppose m = 7*l + 34 - 489. List the prime factors of l.
5, 13
Let t = 158 - 144. List the prime factors of -1 + 2104/t + 6/(-21).
149
Let l(w) = -6*w + 36. Let d be l(4). Let u(y) = -d*y + 7537 + y**3 + 10*y**2 - 7537. What are the prime factors of u(-10)?
2, 3, 5
Let c = -122 + -8. What are the prime factors of (c/(-25))/((-1)/(-5))?
2, 13
Let b be -3*(14/(-168))/(1/(-8)). What are the prime factors of 6/b - (-8 - (2 - -322))?
7, 47
Let l be (-11 - (-109048)/56) + 4/(-14). Suppose -5*c + l + 579 = 0. What are the prime factors of c?
503
Let t(k) = 161*k**2 - 134*k + 870. List the prime factors of t(7).
3, 11, 79
Let k = 56 + -54. Let x(i) = -2*i**2 + 14*i**2 - i**3 + 2*i**3 - 6*i**k - 5*i - 2. What are the prime factors of x(3)?
2
Suppose -4*g + 235 = -5*j + 2*j, 4*g = -5*j - 349. Let i = -67 - j. Let d(p) = 2*p**3 - 9*p**2 + 7*p - 2. List the prime factors of d(i).
2, 37
Suppose 0 = -3*b - 3, 7 = c + 5*b - 0. What are the prime factors of (1488/(-36))/((-8)/c)?
2, 31
Let q(u) = u**3 + u**2. Let d(x) = 52*x**3 + 5*x**2 + x. Let z(w) = d(w) - 5*q(w). What are the prime factors of z(1)?
2, 3
Let c be ((-6)/18*-1)/(1/(-9)). List the prime factors of c + (-4 - -8) + 481 + -3.
479
Suppose -37*h + 84*h - 435760 = -33*h. List the prime factors of h.
13, 419
List the prime factors of 35056/(96/12) - 2.
2, 3, 5, 73
Suppose l + 0*a = -4*a + 145, 0 = 2*a - 10. Suppose 0 = -2*d + 6, 0 = 4*z + 2*d + d - l. What are the prime factors of ((-3)/(-5))/(3 + z/(-10))?
2, 3
Let b = 18 + -12. List the prime factors of (b/(-5))/((-342)/(-345) + -1).
2, 3, 23
Let o(f) = 11 + 3*f**2 + f**3 - 3*f**2 + f - f**2 + 70. Let j(i) = 6*i. Let x be j(0). What are the prime factors of o(x)?
3
Let r = -5132 + 9140. Suppose 0 = 227*f - 221*f - r. List the prime factors of f.
2, 167
Suppose 2*v - i - 2*i = -177, v = -2*i - 92. Let l be (-2 - -1)*470/(-5). Let y = v + l. What are the prime factors of y?
2
Suppose 195*n - 198*n = -12. Suppose -2*y = -4*a + 6, n*a + y = 3 + 18. Suppose -183 = -2*m - 5*l, -a*m + 3*l + 222 = -105. What are the prime factors of m?
2, 3, 7
Let u(n) = n**3 + 10*n**2 + 9*n - 6. Let d be u(-9). List the prime factors of (-1155)/(-6) - d/4.
2, 97
List the prime factors of (-2736)/136 - -20 - (-124308)/34.
2, 457
Let f(b) be the third derivative of b**5/4 + 11*b**4/24 + 7*b**3/3 + 12*b**2. Let t be f(-8). List the prime factors of t/14 + 2 - (-6)/(-21).
5, 13
Suppose -5*y = 2*l - 1, 0*l - 29 = 2*l - y. Let n be (3 + -2*201/l)*2. Let q = n + -48. List the prime factors of q.
5
Let i = -21 + 14. Let w(x) = -78*x - 81. What are the prime factors of w(i)?
3, 5, 31
Let d = -179 - -190. Let r = 36 - 2. Suppose -3*t + r = -d. What are the prime factors of t?
3, 5
Let d be (-4)/(-10) - (1806924/(-70))/7. Suppose -d = -23*b + 21*b - 2*m, 7366 = 4*b - m. List the prime factors of b.
2, 3, 307
Suppose 1478*d - 1443*d = 425635. List the prime factors of d.
12161
List the prime factors of (((-3610992)/(-196))/(-33))/(1/(-14)).
2, 977
Suppose -3*b + 5*w + 227 = 0, 2*w + 2*w = -4*b + 324. Let y = 169 - b. Suppose 12 = 4*p, -3*x - 2*p - 2*p + y = 0. List the prime factors of x.
2, 13
Suppose -4*w = -9*w + 24560. Suppose -j = -9*j + w. What are the prime factors of j?
2, 307
Suppose 7*q - 172507 = -20*q - 32809. List the prime factors of q.
2, 13, 199
Sup